alculate the remainder when 864952 is divided by 241.
3
What is the remainder when 4860473 is divided by 259?
79
Calculate the remainder when 1119768 is divided by 27311.
17
Calculate the remainder when 72940 is divided by 8103.
13
Calculate the remainder when 59669361 is divided by 53.
0
Calculate the remainder when 11511804 is divided by 29.
22
Calculate the remainder when 3903920 is divided by 1951950.
20
Calculate the remainder when 348186 is divided by 4450.
1086
What is the remainder when 5880667 is divided by 96?
91
Calculate the remainder when 48147689 is divided by 457.
454
What is the remainder when 2319553 is divided by 127?
25
What is the remainder when 2437275 is divided by 5803?
15
What is the remainder when 258471 is divided by 85880?
831
Calculate the remainder when 4010064 is divided by 763.
499
What is the remainder when 13538396 is divided by 6769193?
10
Calculate the remainder when 2520902 is divided by 630223.
10
Calculate the remainder when 684943 is divided by 92.
3
Calculate the remainder when 12529991 is divided by 12529920.
71
Calculate the remainder when 10166 is divided by 990.
266
Calculate the remainder when 4080668 is divided by 1360216.
20
Calculate the remainder when 6969140 is divided by 1092.
1088
What is the remainder when 60087726 is divided by 98?
6
What is the remainder when 1428181 is divided by 362?
91
What is the remainder when 189413067 is divided by 2310?
2307
What is the remainder when 1243513 is divided by 1212?
1
What is the remainder when 13606227 is divided by 30?
27
Calculate the remainder when 1397650 is divided by 1397638.
12
Calculate the remainder when 16712 is divided by 1734.
1106
What is the remainder when 2887978 is divided by 474?
370
Calculate the remainder when 152752 is divided by 396.
292
Calculate the remainder when 44181512 is divided by 3815.
3812
What is the remainder when 958637 is divided by 95850?
137
Calculate the remainder when 8196886 is divided by 1573.
1556
What is the remainder when 131081081 is divided by 43693685?
26
What is the remainder when 340831 is divided by 9545?
6756
What is the remainder when 7629780 is divided by 232?
228
Calculate the remainder when 224467140 is divided by 28058391.
12
Calculate the remainder when 26059 is divided by 25199.
860
What is the remainder when 694226 is divided by 138828?
86
Calculate the remainder when 2214523 is divided by 276815.
3
What is the remainder when 1720263 is divided by 1134?
1119
Calculate the remainder when 830339 is divided by 153.
8
What is the remainder when 3653116 is divided by 553?
551
What is the remainder when 6778 is divided by 1420?
1098
Calculate the remainder when 54273572 is divided by 9.
8
Calculate the remainder when 3057 is divided by 2812.
245
What is the remainder when 3255497 is divided by 63?
35
What is the remainder when 592525 is divided by 73574?
3933
Calculate the remainder when 248383 is divided by 1958.
1675
What is the remainder when 19410612 is divided by 380600?
12
Calculate the remainder when 105166639 is divided by 1644.
1603
What is the remainder when 112124 is divided by 185?
14
Calculate the remainder when 741613 is divided by 2052.
841
Calculate the remainder when 16872 is divided by 603.
591
Calculate the remainder when 102970 is divided by 20589.
25
What is the remainder when 42081627 is divided by 3082?
3081
Calculate the remainder when 70791595 is divided by 14.
7
What is the remainder when 530875 is divided by 261?
1
What is the remainder when 3347810 is divided by 69?
68
Calculate the remainder when 15099291 is divided by 13.
12
What is the remainder when 136540 is divided by 1036?
824
Calculate the remainder when 26954159 is divided by 285.
284
What is the remainder when 8156910 is divided by 8156902?
8
Calculate the remainder when 15959 is divided by 3236.
3015
What is the remainder when 148500 is divided by 1273?
832
What is the remainder when 375839806 is divided by 1356?
1354
Calculate the remainder when 605056307 is divided by 151264073.
15
Calculate the remainder when 6346361 is divided by 3233.
3215
Calculate the remainder when 5118519 is divided by 5118513.
6
Calculate the remainder when 6462731 is divided by 34376.
43
Calculate the remainder when 1812649 is divided by 64.
41
Calculate the remainder when 39753 is divided by 39200.
553
What is the remainder when 620465 is divided by 56362?
483
What is the remainder when 388384 is divided by 55342?
990
What is the remainder when 77090432 is divided by 49?
6
What is the remainder when 4715924 is divided by 33?
26
What is the remainder when 161696 is divided by 7462?
4994
Calculate the remainder when 1663806 is divided by 1376.
222
Calculate the remainder when 5722 is divided by 5698.
24
What is the remainder when 1220527 is divided by 38141?
15
Calculate the remainder when 91612583 is divided by 804.
803
What is the remainder when 12211561 is divided by 221?
206
Calculate the remainder when 4536317 is divided by 44913.
104
What is the remainder when 18384406 is divided by 56?
54
What is the remainder when 93813101 is divided by 73?
71
What is the remainder when 8281560 is divided by 41?
11
What is the remainder when 26843351 is divided by 381?
377
Calculate the remainder when 21582825 is divided by 3522.
9
What is the remainder when 62478 is divided by 5603?
845
Calculate the remainder when 36081 is divided by 30762.
5319
Calculate the remainder when 66679 is divided by 1280.
119
What is the remainder when 5259906 is divided by 305?
181
Calculate the remainder when 6087842 is divided by 949.
7
What is the remainder when 174213 is divided by 119?
116
What is the remainder when 64204 is divided by 6198?
2224
What is the remainder when 754554 is divided by 169?
138
Calculate the remainder when 1913552 is divided by 1819.
1783
What is the remainder when 27669247 is divided by 70?
67
What is the remainder when 29095690 is divided by 60490?
0
Calculate the remainder when 50127047 is divided by 290.
257
Calculate the remainder when 237385 is divided by 11242.
1303
What is the remainder when 17978 is divided by 17749?
229
Calculate the remainder when 151218267 is divided by 2965064.
3
What is the remainder when 494647 is divided by 7273?
83
What is the remainder when 514619 is divided by 25?
19
What is the remainder when 156250 is divided by 2604?
10
What is the remainder when 2459277 is divided by 12?
9
What is the remainder when 11569570 is divided by 21?
19
Calculate the remainder when 34275 is divided by 8564.
19
What is the remainder when 49366411 is divided by 173?
169
Calculate the remainder when 2544218849 is divided by 1316.
1313
Calculate the remainder when 849534 is divided by 56614.
324
What is the remainder when 21775326 is divided by 2959?
45
What is the remainder when 37386864 is divided by 89?
11
Calculate the remainder when 1400647 is divided by 238.
17
Calculate the remainder when 1140130 is divided by 277.
275
What is the remainder when 4590874 is divided by 33?
13
What is the remainder when 135457381 is divided by 34?
21
What is the remainder when 53855825 is divided by 26927897?
31
What is the remainder when 2268709 is divided by 8?
5
What is the remainder when 145177 is divided by 29035?
2
What is the remainder when 54319 is divided by 49054?
5265
Calculate the remainder when 4031884 is divided by 212204.
8
What is the remainder when 12574 is divided by 65?
29
What is the remainder when 2678411 is divided by 785?
776
Calculate the remainder when 943 is divided by 476.
467
Calculate the remainder when 236786 is divided by 381.
185
Calculate the remainder when 1108483 is divided by 1339.
1130
Calculate the remainder when 521657 is divided by 16639.
5848
Calculate the remainder when 67659 is divided by 1024.
75
What is the remainder when 21273929 is divided by 127?
32
What is the remainder when 130370 is divided by 1888?
98
Calculate the remainder when 81501 is divided by 40674.
153
What is the remainder when 3762238 is divided by 85505?
18
Calculate the remainder when 1149810 is divided by 21.
18
Calculate the remainder when 358487 is divided by 71539.
792
Calculate the remainder when 361805 is divided by 180629.
547
What is the remainder when 66770 is divided by 8318?
226
What is the remainder when 8